(5). Let z(o) be the first derivative of o**2 + 4*o - 2. Let g be z(a). What is the highest common divisor of 28 and g?
14
Let s = 83 - -87. What is the greatest common factor of s and 17?
17
Suppose 2 + 2 = u. Let o = 12 - 8. Suppose -3*y + 88 = -0*y + o*q, -145 = -5*y - 5*q. What is the greatest common divisor of y and u?
4
Suppose -v = 2*l - 4, 0*v + l - 2 = -5*v. Suppose 4*n - 5*c - 171 = v, -n + 27 = -c - 16. What is the greatest common divisor of 110 and n?
22
Let q(d) = -4*d. Let b be q(-4). What is the greatest common divisor of 24 and b?
8
Suppose 3*p - 58 = -5*n, -3*p + 38 = -0*p + n. Calculate the greatest common divisor of 11 and p.
11
Let a(y) = -y**2 - 15*y + 14. Let i be (-6)/15 + (-292)/20. Let x be a(i). What is the highest common divisor of 2 and x?
2
Let y(g) = -g**3 + 8*g**2 - 3*g - 12. Let l be y(6). What is the greatest common factor of 105 and l?
21
Let i(c) = -13*c + 7. Let o be i(7). Let s = o - -196. Calculate the greatest common factor of 16 and s.
16
Let y be (-5)/(-2) - 2/4. What is the highest common divisor of 18 and y?
2
Let n = -54 - -59. What is the greatest common factor of n and 35?
5
Let r = 28 - 11. What is the greatest common factor of 153 and r?
17
Let g = -183 + 198. Suppose -5*q - 89 = -464. Calculate the highest common divisor of q and g.
15
Let w = 119 + -39. Let n(h) = 15*h**3 + 2*h - 1. Let b be n(1). Calculate the greatest common divisor of w and b.
16
Suppose -3*u = 3*z - 309, 3*z + 2*u - 3*u = 309. Let c be -72 - (2 - (-1)/(-1)). Let k = z + c. Calculate the highest common divisor of 12 and k.
6
Let l be -15*(0 + (3 - 18/5)). What is the greatest common divisor of 12 and l?
3
Suppose 0 = 4*h + 4*d - 172, 3 = -3*h - 2*d + 127. What is the greatest common divisor of h and 95?
19
Suppose 10*c + 5*t = 5*c + 80, 0 = -5*c + 3*t + 112. Suppose -2*q + 2 = -94. Let x be (q - 2*-1) + 0. Calculate the greatest common divisor of x and c.
10
Let m(a) = 33*a + 3. Let d(g) = -67*g - 5. Let v(i) = -6*d(i) - 11*m(i). Let q be v(4). Let k = -18 - -35. Calculate the highest common divisor of q and k.
17
Suppose 8*m + 20 = 3*m, -4*n - 28 = 3*m. Let d be (3 + n - -24) + -3. Calculate the greatest common divisor of d and 80.
20
Let p(c) = -2*c - 5. Let u be p(-9). What is the greatest common divisor of u and 52?
13
Let y = 17 - 108. Let c = 135 + y. Calculate the greatest common factor of c and 4.
4
Let k be (-1)/((-3)/9) + (20 - -1). What is the greatest common factor of k and 16?
8
Let v = -1 + -2. Let j(a) = 4*a**2 + 2*a - 2. Let x be j(v). Calculate the highest common divisor of x and 14.
14
Let f = -73 - -97. Suppose -51 = -2*n + 21. What is the greatest common factor of f and n?
12
Suppose 0*u = -2*u + 10. Calculate the highest common factor of 5 and u.
5
Let g be (12/(-5))/((-12)/60). Let r be ((-10)/6)/(2/(-36)). Suppose r = -3*k + 8*k. Calculate the greatest common divisor of g and k.
6
Let c be 1*(15/3 - 2). Suppose c*u + 0*u = 132. Calculate the highest common factor of 110 and u.
22
Suppose -3*d + 834 = -3*j, -3*d + 253 + 579 = -4*j. What is the highest common factor of 35 and d?
35
Let v be 2/(-4) - 27/6. Let s be 50/4*(-4)/v. Let r be -2 - (-54 + 2/1). What is the greatest common factor of s and r?
10
Let o = 34 - 23. Let w = -27 + 28. What is the highest common divisor of w and o?
1
Let u(w) = -23*w + 2. Let v be u(-2). Suppose 3*y = 5*y - 32. Calculate the highest common factor of v and y.
16
Let a be (7/(-4) + -2)*-12. Let z = 5 + 0. Calculate the greatest common factor of z and a.
5
Let v = -6 - -6. Let o = 4 + v. Calculate the greatest common divisor of o and 1.
1
Let o(p) = p**2 + 2*p + 1. Let y = 6 + -15. Let b = 5 + y. Let g be o(b). Calculate the highest common divisor of 99 and g.
9
Let t(f) be the third derivative of -1/2*f**3 + 0 - 5*f**2 + 0*f - 1/4*f**4. Let x be t(-8). Calculate the greatest common factor of x and 9.
9
Suppose 5*i - z - 13 = -63, -i - 10 = 4*z. Let b be 8/20 + (-26)/i. Suppose -b*q = 0, -5*m + 37 = 3*q - 138. What is the greatest common divisor of m and 5?
5
Let h be 5/(-35) - (-127)/7. What is the highest common factor of h and 18?
18
Let w(r) = r**2 - 1. Let u be w(-2). Suppose 2*n = 4*g - 122, -2*g + n = u*g - 151. Calculate the greatest common divisor of g and 10.
10
Let i(t) = -4*t - 7. Let w be i(-2). Calculate the greatest common divisor of 1 and w.
1
Let a(t) = -t**2 - 9*t - 3. Let x be a(-7). Calculate the greatest common factor of x and 44.
11
Let n be 8/68 - 404/(-34). What is the greatest common factor of n and 132?
12
Let u = 74 + -25. Let r = u - 31. What is the highest common factor of r and 36?
18
Suppose -4*g + 200 = g. What is the greatest common divisor of g and 440?
40
Suppose 0 = 4*s - 10 - 2. Suppose 2*m + u = -0*m + 8, s*u - 8 = -2*m. Let h be 1542/12 + (-2)/m. What is the greatest common factor of h and 16?
16
Let u = -28 - -15. Let t(m) = m**2 + 11*m - 12. Let l be t(u). Calculate the highest common divisor of 98 and l.
14
Suppose -2*l - 2*o = -16, 0 = l + o + 2*o. Let s(y) = 2*y**2 + 10*y - 6. Let t be s(-6). What is the greatest common divisor of l and t?
6
Let f = -1 - -25. Let d = 17 + 43. Calculate the highest common divisor of f and d.
12
Suppose 4*d - 193 = -3*p, 0 = 5*p - 0*p - 4*d - 311. Calculate the greatest common divisor of p and 21.
21
Suppose 0 = 7*i - 583 - 89. Calculate the greatest common divisor of i and 32.
32
Suppose -p + 5 = 3*o, -1 = -2*p - 4*o + 3. Let c be (1 + (0 - 3))*p. Calculate the highest common factor of c and 8.
8
Suppose 4*d - 2*c - 326 = 0, -3*d - 2*c + 240 = c. Suppose 4*y + 0*y - 36 = 0. Calculate the greatest common factor of d and y.
9
Let r be (210/45)/((-2)/(-21)). Calculate the highest common factor of r and 392.
49
Let t = 185 - 181. Calculate the greatest common divisor of t and 9.
1
Suppose p = -0*x + 5*x - 16, 4*x = 5*p + 17. Suppose 0 = -x*d + 2*d - 4. Let s be 2/d - 97/(-2). What is the greatest common divisor of 6 and s?
6
Let z = -14 + 10. Let w(u) = -2*u - 5. Let v be w(z). What is the greatest common divisor of 2 and v?
1
Let g be (16/12)/(1/123). Calculate the highest common divisor of g and 41.
41
Let k(c) = c + 13. Let d be 2/12 + (-2)/12. Let u be k(d). What is the highest common divisor of u and 26?
13
Let o(d) = d**2 + 11. Let f be o(0). Let t = 13 - 8. Suppose -q = 4*n - 41, 3*q + t*n - 3*n - 103 = 0. Calculate the highest common divisor of q and f.
11
Let g(h) = -h**2 + h + 5. Let j be g(0). Suppose 2*f + 24 = j*f. What is the greatest common divisor of 40 and f?
8
Let o be 11 + (-3 - 0) + 7. Suppose -3*c + 14 + 211 = 0. Calculate the greatest common divisor of c and o.
15
Let z(p) = 8*p - 6. Let h(r) = -r**2 + 4*r + 2. Let v be h(2). Let b be z(v). Let s(u) = 4*u - 2. Let w be s(4). What is the greatest common divisor of b and w?
14
Let o be ((-2)/(-4))/(5/480). Suppose 2*g = v + o, -106 = -4*g - 6*v + 3*v. Suppose 9 = -2*t + 29. Calculate the greatest common divisor of g and t.
5
Let w be ((-15)/(-4))/(2/16). Let i = -10 - -20. What is the greatest common divisor of w and i?
10
Let j be 2/8 - (-3852)/16. Let h = -153 + j. Suppose -f + 5*f = h. What is the highest common divisor of 22 and f?
22
Suppose 79 = 4*k + v - 6, 5*v = -15. Let r(i) = 2*i**2 + i + 1. Let n be r(3). Calculate the greatest common factor of n and k.
22
Suppose 6*i - 5 = 1. Suppose 5*u - 6*u = i, 0 = 3*a - 4*u - 292. What is the highest common divisor of a and 12?
12
Let s = -1 + 3. Suppose 10 = -s*b, 6*h - h + 5 = 3*b. Let n = h - -8. What is the highest common divisor of 12 and n?
4
Let p be (136/6 + 4)*3. Calculate the greatest common divisor of p and 10.
10
Suppose q - 30 = -q. Let l(h) = -3*h + 9. Let n be l(-7). What is the greatest common divisor of q and n?
15
Let s(j) be the first derivative of j**4/4 - 11*j**3/3 + 4*j**2 - 2. Let a be s(11). What is the highest common factor of 11 and a?
11
Let a be -1*(1 - 2) + -1. Let c = 22 + a. Calculate the greatest common divisor of c and 22.
22
Suppose -v + 6*v - 360 = 0. What is the highest common factor of v and 24?
24
Suppose 3*r = 5 + 4. Suppose 2*j = 2*y, 0 + 6 = 5*y - 2*j. What is the highest common divisor of y and r?
1
Let u be (-3 + 5)/2 + -3. Let o(f) = f**3 + 3*f**2 - 2. Let c be o(u). Calculate the highest common factor of c and 14.
2
Suppose 5*o = 3*